= -2*j - 2 + 117. Suppose -2*s + 19 + j = 0. What are the prime factors of s?
3, 13
Suppose 0 = -5*d - 3*a + 3755 + 5956, 0 = 5*d - 2*a - 9701. What are the prime factors of d?
3, 647
Suppose -2*w = 2*z - 730, w = -z - 2*z + 363. What are the prime factors of w?
2, 3, 61
Let s be (48/20 + -2)*(-405)/(-3). Let b = s + -38. List the prime factors of b.
2
Let a(m) = -2*m + 8*m**3 - 9*m**3 - 5*m**3. What are the prime factors of a(-2)?
2, 13
Let t(g) = -3*g**2 + 4*g + 8. Let z(u) = -u**2 + u + 3. Let a(j) = 6*t(j) - 17*z(j). Let v be a(6). Suppose h + v*h - 32 = 0. What are the prime factors of h?
2
Let f(j) = -8*j**3 + 2*j - 1. Let n be f(1). Let p be 2/n + 15/(-21). Let k(r) = -3*r**3 + r**2 + r + 1. What are the prime factors of k(p)?
2
Let m be -10*(36/(-15) + 2 + 0). Suppose -4*t + 4*u + 80 = 0, 0 = 2*t + 5*u - m*u - 49. List the prime factors of t.
23
Suppose 0 = -3*d, 0 = -5*u - 8*d + 3*d. Suppose u = s - 2*s + 163. List the prime factors of s.
163
Let r be (-16)/(-3) + (-4)/12. Suppose r*k - 3*o - o = 131, -5*o = -5. Suppose 4 = h - k. What are the prime factors of h?
31
Let w(q) = -80*q - 380. What are the prime factors of w(-27)?
2, 5, 89
Let a(m) be the second derivative of m**4/12 - 7*m**3/6 - m. Suppose 5*d - 2 = -2*z + 30, -d + 2*z = -16. What are the prime factors of a(d)?
2
Let q(z) = -z**2 - 12*z - 12. Let g be q(-10). Let j = g - 6. Suppose 0*m = -j*m + 56. What are the prime factors of m?
2, 7
Let o(u) = -u**3 + 36*u**2 + 48*u + 133. List the prime factors of o(37).
2, 3, 5
Let d be 4*-1*774/(-36). Let q be (-1)/((-3)/24*2). Suppose -3*f - z - 23 + d = 0, -f = q*z - 10. List the prime factors of f.
2, 11
Let c(h) = -9*h - 13 + 3*h**2 + 5*h + 3. What are the prime factors of c(5)?
3, 5
Let i = 31 + -27. Suppose -4*t = -5*a - 47, 0 = -5*t - 0*t - i*a + 110. Suppose 4*m - 8 = 0, -m = -4*o + 2*m + t. What are the prime factors of o?
2, 3
Suppose 3*z + 55 - 28 = 0. Let r(g) = -18*g - 48. List the prime factors of r(z).
2, 3, 19
List the prime factors of 15793/51 - 1/((-6)/(-4)).
3, 103
Let p(f) = -f - 4. Let j be p(-4). Suppose 3*u + 3 = 4*h, h + 4*u + 4 + 0 = j. Suppose -5*t + t = 5*q - 192, h = -4*t + 12. List the prime factors of q.
2, 3
Let g = 2996 - 1311. What are the prime factors of g?
5, 337
Let p be 1 - 0 - (561 - 29). Let b = -377 - p. What are the prime factors of b?
2, 7, 11
Let c(f) = -f**3 + 11*f**2 - 23*f + 31. List the prime factors of c(7).
2, 3, 11
Let v(y) = -y**3 + 28*y**2 - 4*y - 2. What are the prime factors of v(25)?
3, 197
Let c = -81 - -236. What are the prime factors of c?
5, 31
Suppose -s - 2*d + 434 + 111 = 0, -2*s + 4*d + 1114 = 0. What are the prime factors of s?
19, 29
Let w = -78 + 141. List the prime factors of 346/7 - (-36)/w.
2, 5
Let p(y) = y - 2*y**2 + 0*y**2 + 0*y**2. Let a be p(2). What are the prime factors of (-80)/a*(-36)/(-30)?
2
Let s = 495 + 1674. List the prime factors of s.
3, 241
Let s(u) = -2*u**3 + 36*u**2 + 13*u + 90. List the prime factors of s(15).
3, 5, 109
Let j = 103 + -52. Let h = j + -16. List the prime factors of h.
5, 7
List the prime factors of 2252/12 - (-1)/(9/(-15)).
2, 3, 31
Let h = 60 + -58. What are the prime factors of (53/(-2) + 2)/(h/(-12))?
3, 7
Suppose -h = 3*h - 16. Suppose 2*x - 8 = 4*a, h*x = a + 3*x + 4. Suppose a = -2*c + 3*i + 4, -i + 20 = 3*c + 3. List the prime factors of c.
5
Let c be 33/(-5) + 14/(-35). What are the prime factors of 4 + c + 8*11?
5, 17
Let y(p) = p**3 - 4*p**2 + p + 2. Let k be y(3). What are the prime factors of k/6 + -4*340/(-24)?
2, 7
List the prime factors of -7 - (3576/2)/(-6).
3, 97
Let h = 9 + -11. Let l be h/(-7) + (-2)/7. Let u(z) = -z + 11. List the prime factors of u(l).
11
Let o = 251 - -72. Let k = o - 186. What are the prime factors of k?
137
Let v = -31 - -10. List the prime factors of (-14)/v + 1*118/3.
2, 5
List the prime factors of 2/(10/925) - (-2 + -2).
3, 7
Let p = -20 - -30. Suppose 5*v - 94 = -h, 0 = -0*v - 2*v - 5*h + 56. Let r = v - p. What are the prime factors of r?
2
Let l(b) be the third derivative of b**5/60 - b**4/24 + 2*b**3/3 - 4*b**2. Let m be l(0). Suppose 192 = m*d + 28. What are the prime factors of d?
41
Let u be (-1 + 0)*4/2. Let p be u/(-1)*(-4 - -86). Suppose 4*z + 50 - p = 2*q, -4*z + 3*q = -117. What are the prime factors of z?
3
List the prime factors of 14/21 + (-3 - 5224/(-12)).
433
Let r be (18/21)/3 - 579/(-7). Suppose 2*l + 96 = 3*v - 223, v = -4*l + r. What are the prime factors of v?
103
Suppose -1485 = -3*t + g, 2*t - 994 = g + g. Suppose 4*v = 274 + t. List the prime factors of v.
2, 3
Let b(q) = -13*q + 1. Let v be b(-2). Let k = v - 25. List the prime factors of k.
2
Suppose -4 - 11 = 3*m, 3*h - 2*m - 4150 = 0. What are the prime factors of h?
2, 3, 5, 23
Let i(p) = -p + 15. Let z be i(7). Suppose -4*y + z*y = 124. What are the prime factors of y?
31
Suppose -9 = -t - 4. Suppose -b + 40 = -t*f + 10, -3*f = 3*b - 72. What are the prime factors of b?
5
Suppose -3 = 3*q - 6. List the prime factors of (-1 - q) + 18 + 3/1.
19
Suppose -14*g - 3355 = -12595. List the prime factors of g.
2, 3, 5, 11
Suppose 3*k + 4*o = 1256, 797 = 4*k + 4*o - 879. Suppose -3*a = -9*a + k. List the prime factors of a.
2, 5, 7
List the prime factors of 12 + -16 - (-725 + (1 - -3)).
3, 239
Suppose 40*g = 45*g - 770. List the prime factors of g.
2, 7, 11
Suppose -9*k + 9757 = -6119. What are the prime factors of k?
2, 3, 7
Let r = 75 + 17. Let z = -42 + r. List the prime factors of z.
2, 5
Let v(b) = 9*b + 2. Let s be v(-1). List the prime factors of 6/21 + (-614)/s.
2, 11
Let n(h) = 60*h - 4 + 54*h + 68*h. List the prime factors of n(1).
2, 89
Suppose -3*z = -168 - 15. Suppose 0 = -5*q + 4 + z. What are the prime factors of q?
13
Let t = 962 - -1385. List the prime factors of t.
2347
Suppose 3*p = 10*p - 1498. List the prime factors of p.
2, 107
Let b(k) = -61*k - 12. Let j be b(3). List the prime factors of 778/13 + (-30)/j.
2, 3, 5
Suppose 10*s - 2*d = 9*s + 237, -4*s = -2*d - 972. What are the prime factors of s?
5, 7
Suppose 2*w = 323 + 463. Suppose 3*h = 9, -2*h - w = -5*o + 2*h. List the prime factors of o.
3
Let p = 353 - 507. Let j = -108 - p. Let h = j + -15. What are the prime factors of h?
31
Let v(a) = a**3 - 7*a**2 - 4*a + 10. Let g(j) = -j**3 - 16*j**2 - 16*j - 7. Let d be g(-15). List the prime factors of v(d).
2, 3, 7
Suppose -7 - 21 = -4*y. Let z be y + -2 + 4/(-2). Suppose -3*a + z*g + 131 - 8 = 0, 0 = 5*a - 4*g - 209. What are the prime factors of a?
3, 5
List the prime factors of ((-273)/(-35))/((2*1)/730).
3, 13, 73
Let v = 737 - 58. What are the prime factors of v?
7, 97
List the prime factors of 367 + -1 + (3 - 10).
359
Let b be 7 + 2 + -2 + 3. Suppose b*v = 7*v + 144. List the prime factors of v.
2, 3
Let y(a) = 4*a**2 - 11*a + 63. What are the prime factors of y(9)?
2, 3
Suppose 3*m = -5*a + 3887, 2*m + 13*a = 11*a + 2598. What are the prime factors of m?
2, 163
Let s be (-6)/(-4) + 6/12. Let x(y) = -5*y - 10 + 2*y + y - 7*y + y**s. What are the prime factors of x(12)?
2, 13
Let f be (-3 - -7)/((-1)/(-230)). Suppose -3*t = 2*t - f. List the prime factors of t.
2, 23
Let u = 8 - -13. Let t = 24 - u. Suppose -t*z + 2 = 2*s, -5 = -2*s + 5*z + 13. What are the prime factors of s?
2
Suppose y + 1 + 28 = -2*l, 0 = -4*y - 4. Let w = l - -142. What are the prime factors of w?
2
Suppose 4*v = -4*n + 28, -5*n - 1 = 2*v - 12. Let u = 14 + v. Suppose 5*f = -3*o + 108, -4*f + 62 + u = 3*o. What are the prime factors of f?
2, 3
Let a(s) = -5*s**3 + 8*s**2 + 3*s - 13. Let j(u) = -6*u**3 + 7*u**2 + 2*u - 14. Let q(k) = 5*a(k) - 4*j(k). List the prime factors of q(11).
3, 7
Let a = 28 - 25. Suppose 5*j - 5*m = -4*m + 249, -3*m + 153 = a*j. List the prime factors of j.
2, 5
Suppose 4 + 1 = 5*v. Let x(h) = -60*h - 1. Let m be x(v). Let l = 92 + m. List the prime factors of l.
31
Let r(m) = 5*m + 55. What are the prime factors of r(8)?
5, 19
Let w be -1 - 25/(2 - 1). Let r(n) = 3*n**2 + 7*n - 39. Let b be r(-5). Let p = b - w. List the prime factors of p.
3
Suppose 118*v - 140*v = -52822. List the prime factors of v.
7
Suppose 3*i + 6*o - 8*o = 2972, 3*i - 5*o = 2975. Suppose 4*n - i = -5*n. List the prime factors of n.
2, 5, 11
Let i = 779 - 397. What are the prime factors of i?
2, 191
Let t(q) be 